at is the value of (6 - -2) + (-14 - 0) - (-58 - -13)?
39
What is the value of -62 - -22 - (-4 + -6 - -21) - -14 - 16?
-53
Calculate 77 + -116 + 71 - (0 - -6) - (0 - -12).
14
Calculate (0 - 3 - (-30 + 30 - 4)) + 1 + 6.
8
Calculate 17 + ((11 - 28) + 5 - 13) - 29.
-37
What is 12 - (1 - -2 - (-1 - (5 - -1)))?
2
Calculate 24 - (-2 - -13) - ((-5 - -13) + (-2 - 14)).
21
(23 - 3) + 48 + -37 + -33
-2
19 - (-13 + (-6 - 16 - -44)) - -16
26
Calculate 60 + (-63 + 54 - 46).
5
115 + -111 - (-1 + 5 + 0 + 0)
0
Calculate -125 + 3 + -9 + -5 + -9 - (11 - 22).
-134
Evaluate 8 + 3 - (915 + -887).
-17
-2 + (-3 - 0) + -3 - (-140 - (66 - 64))
134
What is -36 - (-9 + (2 + -22 + 9 - -11))?
-27
Evaluate 97 + -55 + 11 - ((-2 - -2) + 0).
53
Evaluate (-108 - -17) + 66 + (-2 - -4).
-23
What is the value of -107 - (23 + -58 + -70)?
-2
What is -27 - (70 + -50 - 4)?
-43
(-8 + -1 + 5 - (-116 - -124)) + -26
-38
What is the value of (-3 - (57 + -85)) + -10 + (-2 - -5) + -1?
17
What is the value of (58 - (-2 - -4)) + 38 + (-48 - 3)?
43
(1 - 5 - (-264 + 353) - -14) + 6
-73
What is the value of 236 - (-71 - (-133 + -48))?
126
What is the value of (6 - -16 - (104 + -89)) + 9?
16
Calculate 21 + (22 - 29 - 0) - 17.
-3
-863 + 783 + (-15 - 24)
-119
Evaluate 47 - (49 - 1) - (-34 + (0 - -2)).
31
What is -181 + 217 - (-5 + 5 + -16 - -5)?
47
Calculate -7 + 0 - ((-11 - -10) + -18 - 10) - -6.
28
What is (15 - -127 - 203) + (2 - 34)?
-93
Evaluate (11 - 18) + 25 - (-3 + 2 - 73).
92
What is (67 - 22) + -8 + (12 - -8) + -12?
45
What is the value of 1 - 2 - 4 - (-10 - (-99 + 93)) - -63?
62
Evaluate -53 + 72 + 12 + -1 + -5.
25
Evaluate -192 + 142 + -6 + 56.
0
388 + -271 + 20 + -38
99
(79 - 34 - 28) + 126 + -2 + -5
136
What is 1 + 23 - (32 + (-68 - -20))?
40
(-67 - -87 - -18) + -94
-56
What is (51 + 71 - 16) + -46?
60
Evaluate (-53 - (26 - 99)) + 38.
58
Calculate (10 - -1) + -109 + -7 + 169 + -75.
-11
-2 + 0 - (10 - (-3 - -21)) - -52 - -12
70
-60 + 212 + 106 + -304
-46
What is 33 + 1 + -5568 + 5494?
-40
(-25 - -10 - (-22 - -16 - -6)) + -27
-42
What is (-5 - 0 - (7 + -12 - 1)) + (20 - 21)?
0
Evaluate 3 + 21 + 28 + -11 - 14.
27
What is (-11 - (6 - -9 - (39 - 3))) + -28?
-18
-37 + 1 + (-145 - -133)
-48
What is the value of -110 - (-1 + 3) - (6 + -3 - (-90 - -104))?
-101
-4 - (-6 - (1 + (-7 - 6) + -4) - 8)
-6
What is -361 - -160 - -78 - (12 + -8 - (2 + -1))?
-126
((0 - 1) + -2 - -8) + (7 - 12)
0
What is 15 + (-12 - (-3 - 10) - 1) + -79?
-64
What is (13 - 11) + 3 + (0 - -15)?
20
What is the value of -27 + 11 + -16 + (-4 - -3 - (6 + -1))?
-38
Calculate -310 + 314 - (-2 + 24).
-18
Calculate -25 - (-33 - (50 + (22 - -2))).
82
What is 110 - (-174 - -261) - (0 - 22)?
45
What is -38 - -30 - (4 + 0 + 39)?
-51
Evaluate 16 - 5 - (115 - 117 - (-44 - 0)).
-31
Evaluate (0 - 57 - (-79 + 78)) + 0 + 13.
-43
What is the value of -45 - (-1 + -2 + -222 + 196)?
-16
(256 + -247 - (-5 + 1) - 2) + 3
14
Evaluate 23 + -14 + (-19 + 16 - -8).
14
Evaluate 10 + (-1 + -5 - 6 - -54) - 7 - 6.
39
What is (8 - -5 - 81) + -5 + 15 + 12?
-46
What is (4 - (31 - 7)) + -17 + -1 + 16?
-22
Calculate -31 + (29 - (36 + -1)) + 96.
59
Calculate 4 - (7 - -1) - 63 - (198 - 179).
-86
What is -1 - ((-55 - (-102 + 37)) + 2 + -8 + 0)?
-5
Calculate (5 + -3 - 0) + (12 - (-4 + (-16 - -8))).
26
What is the value of 39 - ((-67 - -130) + -31)?
7
-5 + -18 + (12 - 15) + (-3 - 1) + 3
-27
Evaluate 10 + -22 + 36 + -1 + 23.
46
What is the value of -3 + -6 - ((-7 - 4) + (8 - (4 + -13)))?
-15
Calculate -3 + -35 + 0 + -1 + 31 + -68 + 45.
-31
-2 - (53 - (19 + (11 - 23)))
-48
What is (184 - 1) + (26260 - 26405)?
38
Evaluate 7 - (4 + -41 + 47 + -21).
18
Evaluate -176 - -47 - ((1 - 4) + 8 + -2 + 2).
-134
Evaluate 6 + 1 - (31 + (-58 - -16) + -49 + -1).
68
Calculate 83 - (10 - ((1 - -3) + -18)).
59
What is -2 + (11 - (-49 - -54)) + -18 + -1?
-15
Calculate 154 + -109 - (-4 + 18).
31
12 - (-1 + 19 + -3 + 45 + 7)
-55
Evaluate -15 + (0 + 12 - (14 - (-104 + 87))).
-34
What is -3 - -8 - (-217 - -258)?
-36
What is 3 + -11 + 39 + (2 - (8 + 13 + -10))?
22
Evaluate 35 + (-409 - -338) - (-19 - 0).
-17
Evaluate -1 + 23 - (87 + -110 - -22).
23
6 + (-64 - 40) + 50
-48
Calculate (-93 - -138 - (8 + -17 + 6)) + 0.
48
What is -8 - (31 + (23 + -53 - (-1 + -11)))?
-21
Evaluate 4 + (-8 - -23) + (-8 - (70 - 27)).
-32
Calculate (-143 - (74 + -252)) + -1 + -39.
-5
Calculate 298 + -305 + (-57 + 60 - (-1 - 61) - 0).
58
What is 27 + ((7 - 37) + 14 - -8) + 5?
24
(70 - 11) + -18 + -81
-40
What is (-21 - 11) + 578 + -477?
69
Calculate (3922 - 4052) + (-5 - -68).
-67
What is 1 + (-18 - 0) + (421 - 246) + -144?
14
Evaluate 43 - (16 - -33 - 37).
31
Evaluate 1 + (1 - -6) + (2 - (-15 + -16 + 3)).
38
Evaluate (-7 - (-5 + -13)) + -4 + -38.
-31
-5 + -9 + (-8 - (-52 - -6)) - -8
32
What is the value of (-25 - -27) + 16 + (19 + 1 - 27)?
11
What is -6 + (12 - 8) + 7 + -7 + -1?
-3
Calculate 4 + (12 - 14) + 6 + -7 + 0.
1
Evaluate (-97 + 214 - 107) + 15 + -1.
24
(74 + 33 + -17 - 19) + 3
74
What is 106 + 11 + -35 + -156?
-74
What is the value of 56 + (-73 - (-31 + 102))?
-88
What is (24 - (-14 - -27)) + 52?
63
What is the value of 11 + -7 + 41 - (34 + -29)?
40
59 - (16 - (9 - 11) - 5) - (-3 - 0)
49
Calculate 2 + -14 - ((-40 - (23 - 30)) + 12).
9
(-9 - -6 - 0 - -9) + -6 + -12
-12
-38 + 86 - (35 + -46)
59
Calculate -8 + -8 - -22 - (4 - 0).
2
What is the value of -57 - -69 - ((0 - (-44 + 7)) + 4)?
-29
Calculate (444 - 511) + (124 - 1).
56
What is 4 - (43 + -15 - (7 - -27))?
10
2 + -21 - (590 - 646)
37
Calculate 3 + 15 + -3 + (38 + -52 - -26).
27
What is -7 + -35 + 3 - (-17 + 24 + -14)?
-32
What is (-64 - (20 + (-14 - -3))) + 19?
-54
Evaluate -5 + 18 + -4 + 3 + -10.
2
-30 + -17 + 19 + 43 - 26
-11
Evaluate (-32 - -88) + 2 + -78.
-20
What is 9 - (13 + 10 + -11) - -17?
14
What is the value of -84 + (-20 - (12 - 25))?
-91
Evaluate 18 + (-20 - -50) + -78.
-30
What is the value of -690 + 677 + (1 - -96)?
84
What is 1 + 1 + 0 - (120 - (84 + -28) - 55)?
-7
Evaluate 33 - 9 - (10 - (27 - (24 + -18))).
35
Evaluate (63 - 72) + -1 + 50 + 3 + 1 + 1.
45
Evaluate -17 - -34 - 2 - 66.
-51
What is the value of (4 - (7 + (3 - -9))) + 27 - (0 - 28)?
40
What is the value of 1584 + -1577 - (0 + 18)?
-11
Calculate 80 + -75 - (-27 + 15 + -117).
134
0 - (3 + (-8 - (6 + -12)) - 76)
75
What is -81 - (17 - (97 - 62))?
-63
What is the value of 445 + -329 + -28 + 5 + -11?
82
What is (21 - 1) + (-67 - (-8 + 7))?
-46
Evaluate -42 + (-6 - (-9 - (-14 - (-10 + -8)))).
-35
Calculate -4 + (18 - -4) - (-71 + 63 + 19) - -49.
56
What is the value of (-40 - (-47 - 43)) + -58?
-8
Calculate -174 - -43 - (20 - 201).
50
What is -7 + 0 + -9 + -33 + 22?
-27
What is the value of (-1 - -6) + -136 + (94 - -33)?
-4
Calculate -18 + (-13 - -37) + 45.
51
What is -2 - (6 - 0 - (-21 - ((-27 - 1) + 17)))?
-18
-9 - -21 - ((11 - 8) + 15) - -12
6
-182 + 88 + 186 + -37
55
(0 - 84) + 2 - (0 - (25 + 10 + -23))
-70
What is the value of (-1 - 0) + -12 - (-233 + (-94 - -348))?
-34
Calculate (-2 - -20) + -12 + 15 + -34 - (0 + -31).
18
Calculate -49 + -201 + 242 + (-3 - -1 - (34 - -3)).
-47
What is -1 - -4 - (5 - (18 + (-24 - (26 + -17))))?
-17
What is -207 + 228 + (-65 - 4)?
-48
-87 + 192 + 55 - 120
40
-3 - (11 + -81 - -44)
23
Calculate -36 - (37 - (27 + -21 - -18)).
-49
Calculate (-1 + 59 - (451 + -474)) + 5.
86
What is the value of -56 + 0 + (319 - 316) - (31 + -14)?
-70
Calculate 41 - (((2 - 1) + 10 - 23) + 1).
52
Evaluate 175 + -139 - (-7 - -6).
37
Calculate -1834 - -1799 - (12 + 2).
-49
-67 + (2 - (-2 - 14)) + 79 + 19 + -108
-59
-60 + 1 + -3 - (20 + 25 + -49) - 6
-64
What is 4 + (8 - 4) + 147 + (-19 - 9)?
127
Evaluate (2 - 1 - 9) + -21 + 90 + -95.
-34
(18 + (-44 - 32) - -44) + -101 + 1
-114
Calculate 3903 + -3945 + (-1 + -2 - -26).
-19
Calculate -13 - (-4 - (-12 - (-8 + 2) - (10 - 10))).
-15
What is the value of (80 - (0 + 2)) + (3645 - 3615)?
108
What is 11 - (70 + (-35 - (-73 + 15)))?
-82
What is the value of (115 - -6) + (-3093 - -3062)?
90
Calculate 73 + -50 + -52 - 34.
-63
What is 13 - (13 + 6 - -2)?
-8
What is the value of (0 - (7 - 1)) + 7377 + -7311?
60
Evaluate 34 + (-1 - -2) - (-70 + 144 + -71).
32
Calculate (-2 - -12) + (77 - -1) + 13 + -46 + 36.
91
(-66 - (21 + -3 + -41)) + 11
-32
Evaluate -45 + (-3168 + 3176 - ((3 - 4) + -1 + 8)).
-43
Calculate 3 + -12 + 22 + 16 + (-14